 the millions digit of 46913368?
6
What is the hundreds digit of 2334220813?
8
What is the ten millions digit of 86644933?
8
What is the billions digit of 1077992674?
1
What is the units digit of 234719062?
2
What is the hundreds digit of 45993879?
8
What is the hundreds digit of 789825497?
4
What is the tens digit of 11186280?
8
What is the ten millions digit of 26320954?
2
What is the thousands digit of 5015722436?
2
What is the hundreds digit of 71618342?
3
What is the millions digit of 29086057?
9
What is the thousands digit of 75782486?
2
What is the hundred thousands digit of 330098485?
0
What is the hundred thousands digit of 377784428?
7
What is the ten thousands digit of 59332506?
3
What is the hundred thousands digit of 10910214?
9
What is the ten thousands digit of 1708491166?
9
What is the ten millions digit of 12605685?
1
What is the units digit of 152742869?
9
What is the tens digit of 337705000?
0
What is the millions digit of 2114291572?
4
What is the ten millions digit of 4928686600?
2
What is the hundred thousands digit of 75112004?
1
What is the tens digit of 92937891?
9
What is the ten thousands digit of 1045301818?
0
What is the thousands digit of 582744410?
4
What is the thousands digit of 260070005?
0
What is the ten thousands digit of 2710427040?
2
What is the tens digit of 5393447311?
1
What is the millions digit of 67953183?
7
What is the units digit of 2877253812?
2
What is the units digit of 63496531?
1
What is the ten thousands digit of 68176774?
7
What is the units digit of 99671224?
4
What is the millions digit of 3260874138?
0
What is the hundreds digit of 621183679?
6
What is the hundred thousands digit of 1516782887?
7
What is the millions digit of 241681806?
1
What is the tens digit of 349062304?
0
What is the ten millions digit of 397481943?
9
What is the hundred thousands digit of 215346210?
3
What is the tens digit of 261674135?
3
What is the hundred thousands digit of 67867374?
8
What is the thousands digit of 472310904?
0
What is the hundred millions digit of 1166649084?
1
What is the ten millions digit of 5790010019?
9
What is the ten thousands digit of 98388682?
8
What is the ten thousands digit of 168619065?
1
What is the units digit of 31551514?
4
What is the thousands digit of 76610709?
0
What is the ten millions digit of 767541252?
6
What is the hundred millions digit of 333958099?
3
What is the thousands digit of 48240612?
0
What is the ten thousands digit of 6327817688?
1
What is the millions digit of 427124913?
7
What is the tens digit of 29112657?
5
What is the units digit of 647632316?
6
What is the ten millions digit of 50388846?
5
What is the ten thousands digit of 38113210?
1
What is the thousands digit of 72996725?
6
What is the millions digit of 19761304?
9
What is the ten thousands digit of 1667337119?
3
What is the hundred thousands digit of 1446901513?
9
What is the millions digit of 4960057950?
0
What is the hundred millions digit of 1562802118?
5
What is the hundreds digit of 9328390?
3
What is the hundred millions digit of 131923300?
1
What is the units digit of 37102394?
4
What is the ten thousands digit of 470400139?
0
What is the ten thousands digit of 317425538?
2
What is the hundred thousands digit of 81290765?
2
What is the hundred thousands digit of 175578737?
5
What is the hundreds digit of 100334067?
0
What is the tens digit of 462440144?
4
What is the tens digit of 952734205?
0
What is the hundred millions digit of 152293742?
1
What is the tens digit of 4148575589?
8
What is the millions digit of 63996647?
3
What is the tens digit of 278974250?
5
What is the thousands digit of 255479875?
9
What is the millions digit of 13906449?
3
What is the tens digit of 856074220?
2
What is the hundred thousands digit of 46593405?
5
What is the millions digit of 5745300223?
5
What is the billions digit of 1130279989?
1
What is the hundred thousands digit of 1917893944?
8
What is the tens digit of 502978515?
1
What is the thousands digit of 14319962?
9
What is the ten millions digit of 599124036?
9
What is the ten thousands digit of 154892971?
9
What is the millions digit of 341104209?
1
What is the tens digit of 2698084954?
5
What is the ten thousands digit of 76576406?
7
What is the units digit of 7484315297?
7
What is the millions digit of 569692307?
9
What is the thousands digit of 24523283?
3
What is the ten millions digit of 100690370?
0
What is the ten thousands digit of 279456845?
5
What is the hundred millions digit of 160096924?
1
What is the hundreds digit of 234761540?
5
What is the hundreds digit of 204809017?
0
What is the tens digit of 60465621?
2
What is the ten millions digit of 101441823?
0
What is the units digit of 1050733127?
7
What is the hundred thousands digit of 388436962?
4
What is the hundreds digit of 105433645?
6
What is the tens digit of 62287634?
3
What is the tens digit of 149667500?
0
What is the tens digit of 26400477?
7
What is the tens digit of 1189422882?
8
What is the thousands digit of 109221395?
1
What is the millions digit of 572153169?
2
What is the units digit of 3749586?
6
What is the units digit of 22144919?
9
What is the hundred millions digit of 130180799?
1
What is the thousands digit of 2205925685?
5
What is the ten millions digit of 576626743?
7
What is the ten millions digit of 326431750?
2
What is the units digit of 3314774781?
1
What is the hundred millions digit of 6216590656?
2
What is the hundred millions digit of 487074257?
4
What is the thousands digit of 1738077891?
7
What is the units digit of 23035689?
9
What is the thousands digit of 396641963?
1
What is the thousands digit of 357428981?
8
What is the hundred thousands digit of 1260556172?
5
What is the hundreds digit of 1718389765?
7
What is the thousands digit of 13422760?
2
What is the hundreds digit of 46198607?
6
What is the units digit of 492375017?
7
What is the tens digit of 84258903?
0
What is the hundred millions digit of 2645317870?
6
What is the thousands digit of 72675054?
5
What is the hundred millions digit of 766263426?
7
What is the hundreds digit of 12333117?
1
What is the ten thousands digit of 467984981?
8
What is the units digit of 48573698?
8
What is the hundred thousands digit of 1851533679?
5
What is the hundreds digit of 1896126902?
9
What is the tens digit of 6232466465?
6
What is the ten millions digit of 35792809?
3
What is the billions digit of 4793311867?
4
What is the ten millions digit of 21589913?
2
What is the hundred millions digit of 405280320?
4
What is the ten millions digit of 2503464446?
0
What is the millions digit of 115554951?
5
What is the tens digit of 130210313?
1
What is the hundreds digit of 210222111?
1
What is the hundred millions digit of 1459113049?
4
What is the hundreds digit of 1409651038?
0
What is the millions digit of 677311883?
7
What is the hundred thousands digit of 179698977?
6
What is the tens digit of 226049935?
3
What is the ten thousands digit of 264003553?
0
What is the millions digit of 30666684?
0
What is the hundred thousands digit of 926470243?
4
What is the ten thousands digit of 187470067?
7
What is the billions digit of 2823666884?
2
What is the hundred thousands digit of 545211840?
2
What is the tens digit of 452728704?
0
What is the tens digit of 3644518156?
5
What is the hundred millions digit of 428823634?
4
What is the tens digit of 226171356?
5
What is the millions digit of 146394047?
6
What is the billions digit of 2956995798?
2
What is the hundred thousands digit of 2062449270?
4
What is the hundred thousands digit of 28756058?
7
What is the hundred thousands digit of 55233592?
2
What is the hundred thousands digit of 3961626088?
6
What is the billions digit of 2200872550?
2
What is the units digit of 630749817?
7
What is the hundreds digit of 99450917?
9
What is the ten thousands digit of 3256674571?
7
What is the hundred thousands digit of 1165367582?
3
What is the millions digit of 1668291554?
8
What is the units digit of 21606295?
5
What is the thousands digit of 308570321?
0
What is the thousands digit of 1149807322?
7
What is the hundred thousands digit of 20952416?
9
What is the hundred thousands digit of 218542217?
5
What is the units digit of 1045797287?
7
What is the millions digit